ite?
False
Is 541757971 a composite number?
False
Is 809614369 a prime number?
True
Is 374235523 a composite number?
False
Is 168654010706 prime?
False
Is 15270601 composite?
False
Is 3171393349 composite?
False
Is 962996537 composite?
False
Is 1092687423 a composite number?
True
Is 54288360947 composite?
False
Is 2954349071 composite?
True
Is 1343507995 composite?
True
Is 287313137 a prime number?
True
Is 6597669593 a prime number?
True
Is 31522637533 prime?
True
Is 1484284927 composite?
True
Is 60181833121 a composite number?
False
Is 422057581761 composite?
True
Is 652631467 a composite number?
True
Is 4386328259 a prime number?
True
Is 5794780081 prime?
False
Is 855949933 prime?
False
Is 7907073923 a composite number?
True
Is 3050898239 prime?
True
Is 1527698399 composite?
False
Is 9809486987 a composite number?
True
Is 71761904771 composite?
False
Is 13482128057 a prime number?
True
Is 5298447949 composite?
True
Is 89133299 a composite number?
True
Is 1133519731 prime?
True
Is 34344749 a composite number?
False
Is 344645719 composite?
True
Is 1864607929 a prime number?
True
Is 932328203 composite?
True
Is 13339596377 a composite number?
False
Is 16746805923 a composite number?
True
Is 30135794497 a prime number?
False
Is 17238919771 a prime number?
True
Is 6626665883 composite?
False
Is 9148415161 a composite number?
True
Is 30538692199 composite?
False
Is 1784131411 prime?
False
Is 2709567397 a prime number?
True
Is 125880323 a prime number?
False
Is 230767481 a prime number?
False
Is 22440645691 composite?
True
Is 89617241183 a prime number?
True
Is 5865080803 a prime number?
True
Is 90383863 prime?
False
Is 20962468157 composite?
True
Is 66407518529 prime?
False
Is 2001344857 prime?
True
Is 694879607 a prime number?
False
Is 43632995467 a composite number?
True
Is 33315156887 prime?
False
Is 15620936603 composite?
False
Is 31458406117 composite?
False
Is 505726457 composite?
True
Is 31089632117 a composite number?
False
Is 249505725353 a prime number?
True
Is 72543018697 composite?
False
Is 6383191753 a composite number?
True
Is 64896511573 prime?
True
Is 1593623527 a composite number?
False
Is 9539520563 a prime number?
False
Is 112644866209 a prime number?
True
Is 5641627439 prime?
False
Is 2452021261 prime?
False
Is 11384365123 prime?
False
Is 12716774935 prime?
False
Is 2386901369 composite?
False
Is 4994889343 a composite number?
False
Is 288966989 composite?
True
Is 1486325881 prime?
True
Is 6404088839 composite?
True
Is 3031233811 a composite number?
False
Is 192078947 a composite number?
False
Is 1022475613 a composite number?
False
Is 590854463 a composite number?
False
Is 1925760449 a prime number?
False
Is 4702294937 composite?
False
Is 320985167 a prime number?
False
Is 5763496273 composite?
False
Is 7627337503 composite?
False
Is 143811315617 prime?
True
Is 91121604433 a composite number?
True
Is 467254097 a composite number?
True
Is 9780521189 composite?
False
Is 13221376757 composite?
True
Is 537282605 composite?
True
Is 10203901063 a composite number?
False
Is 14186672491 prime?
True
Is 25807900067 a prime number?
False
Is 426346201 a prime number?
True
Is 17989873007 prime?
True
Is 1476029869 a composite number?
False
Is 69682621198 composite?
True
Is 86993509 a composite number?
True
Is 1605318679 composite?
True
Is 87357131 a composite number?
False
Is 7179816187 a composite number?
True
Is 10176744923 a prime number?
True
Is 17258305543 a prime number?
True
Is 7213418659 composite?
False
Is 506990359 a prime number?
False
Is 48601877153 a prime number?
True
Is 477431453 a composite number?
False
Is 22844841893 composite?
True
Is 42918847 a composite number?
False
Is 9313374458 composite?
True
Is 142797047 prime?
True
Is 36003863563 composite?
False
Is 859205461 a composite number?
False
Is 5324445571 a composite number?
False
Is 7521838739 a prime number?
True
Is 201783313 prime?
True
Is 150068890321 a prime number?
False
Is 1397403527 a composite number?
True
Is 2102849423 a composite number?
False
Is 18440194067 a prime number?
False
Is 3362046385 prime?
False
Is 2845005767 composite?
False
Is 659976323 a composite number?
True
Is 4447282613 a prime number?
False
Is 67255886749 prime?
False
Is 581975239 composite?
True
Is 10087588267 composite?
False
Is 108740309 prime?
True
Is 25407471293 a prime number?
True
Is 77337481 a prime number?
False
Is 366924721 a prime number?
False
Is 155619259169 prime?
False
Is 1391619431 a composite number?
True
Is 13596747789 a prime number?
False
Is 2595808753 composite?
True
Is 4498915163 a prime number?
True
Is 1838722831 prime?
False
Is 17561008173 prime?
False
Is 2351108647 prime?
True
Is 21922709933 a composite number?
False
Is 1248591241 a prime number?
True
Is 1578302261 composite?
True
Is 54360531839 a composite number?
False
Is 809101967 prime?
False
Is 357045083 composite?
True
Is 939808091 prime?
True
Is 800996641 prime?
False
Is 555210181 a composite number?
False
Is 17334630803 a prime number?
False
Is 1756131529 a prime number?
True
Is 1344305539 prime?
True
Is 1628989441 composite?
False
Is 2408865683 a prime number?
False
Is 19703048701 composite?
True
Is 3170612359 prime?
True
Is 4266717893 a composite number?
False
Is 13384027 a composite number?
False
Is 316423687 composite?
False
Is 59884860553 a prime number?
False
Is 1058011039 a prime number?
False
Is 94860043991 prime?
True
Is 35606103647 a composite number?
False
Is 129418733 prime?
False
Is 14059196243 a prime number?
False
Is 14400719407 composite?
False
Is 7576573723 a prime number?
True
Is 1330840039 prime?
True
Is 189728057 prime?
True
Is 40952686111 composite?
True
Is 24627151858 composite?
True
Is 4102220401 prime?
False
Is 187384468799 prime?
False
Is 2245443661 a prime number?
True
Is 18094785897 a composite number?
True
Is 694576019 prime?
True
Is 1241360047 prime?
True
Is 2163433353 a prime number?
False
Is 145474801 prime?
False
Is 31719937153 composite?
False
Is 2361400897 composite?
False
Is 38245361813 a prime number?
True
Is 791744507 a prime number?
True
Is 48206350789 a composite number?
False
Is 8237794769 a prime number?
True
Is 28392059543 a composite number?
False
Is 305258929 prime?
True
Is 1394605678 a composite number?
True
Is 212506123 prime?
True
Is 337994777 prime?
True
Is 1513043507 prime?
False
Is 512739687 prime?
False
Is 2885834737 a composite number?
False
Is 1326509689 prime?
False
Is 5623426115 prime?
False
Is 2279433917 a composite number?
False
Is 493518304709 a prime number?
True
Is 1316430347 composite?
True
Is 1296609263 composite?
False
Is 9538560893 composite?
False
Is 22819562453 prime?
True
Is 62797168807 composite?
False
Is 1448465897 a composite number?
True
Is 8365055203 prime?
True
Is 49821233027 prime?
True
Is 10579857269 prime?
True
Is 9712153769 prime?
True
Is 9736818001 a composite number?
False
Is 41483734993 composite?
True
Is 1513694837 prime?
False
Is 2683422323 composite?
True
Is 20349303379 a prime number?
True
Is 1975754917 a prime number?
True
Is 5683070153 a prime number?
True
Is 12028753067 a composite number?
False
Is 4453826011 a composite number?
False
Is 205132838 a prime number?
False
Is 5754807517 a composite number?
True
Is 484932817 prime?
True
Is 1364710007 composite?
False
Is 14992369081 composite?
False
Is 42555900559 a prime number?
True
Is 2128363073 a prime number?
False
Is 18325219 composite?
True
Is 47123475257 a prime number?
False
Is 4420250767 composite?
True
Is 919132349 composite?
True
Is 345837299 a composite number?
False
Is 623513257 composite?
True
Is 31545765677 composite?
False
Is 202190797 a prime number?
True
Is 3794565779 prime?
False
Is 994107619 composite?
False
Is 22956798841 prime?
False
Is 254051713 a composite number?
True
Is 2293280167 composite?
False
Is 3704048749 prime?
True
Is 3437810591 composite?
False
Is 25404880685 composite?
True
Is 47876325347 a prime number?
True
Is 7906704881 a prime number?
False
Is 6757373609 composite?
True
Is 435381439 a composite number?
True
Is 2441219213 composite?
False
Is 7049242721 a prime number?
True
Is 220804781 composite?
False
Is 149233289 a prime number?
True
Is 8481664613 a prime number?
True
Is 5745614249 a prime number?
False
Is 4771975919 a prime number?
